598 and 476?
34
Calculate the highest common factor of 294 and 4078914.
42
Calculate the greatest common divisor of 322 and 4546318.
322
Calculate the highest common divisor of 58064 and 5149.
19
Calculate the greatest common divisor of 197253 and 135639.
63
Calculate the greatest common factor of 151411 and 82142.
613
What is the highest common factor of 169895 and 23089?
11
What is the greatest common factor of 422 and 398813?
1
What is the greatest common divisor of 55 and 11519057?
11
Calculate the highest common divisor of 31635 and 5746581.
333
Calculate the greatest common factor of 108341500 and 150.
50
Calculate the greatest common factor of 358506 and 3006.
18
What is the greatest common factor of 112643088 and 292?
292
What is the highest common factor of 29648001 and 7282?
331
What is the highest common divisor of 345 and 81606915?
15
Calculate the greatest common factor of 88462 and 528.
22
What is the highest common divisor of 292611510 and 2745?
2745
Calculate the greatest common factor of 45850 and 12858650.
350
What is the greatest common factor of 3646755 and 118948?
227
Calculate the greatest common factor of 280 and 29360000.
40
What is the highest common divisor of 12887949 and 10552?
1319
What is the greatest common divisor of 263340 and 21252?
924
Calculate the greatest common factor of 25122 and 610560.
318
What is the greatest common divisor of 603195408 and 16?
16
Calculate the highest common factor of 13 and 62529.
1
What is the highest common factor of 7595313 and 121?
11
What is the greatest common divisor of 210206 and 1526578?
3446
Calculate the highest common factor of 721605 and 2330883.
1977
Calculate the highest common divisor of 6113 and 2447895833.
6113
Calculate the highest common divisor of 26300 and 16850.
50
What is the greatest common factor of 2648296 and 4?
4
What is the highest common factor of 81877 and 5330?
41
What is the highest common divisor of 648756 and 89478?
54
What is the greatest common factor of 19817 and 7655613?
133
Calculate the highest common factor of 6143067 and 35.
7
What is the greatest common divisor of 1428 and 315760482?
102
Calculate the highest common factor of 16675 and 7876465.
115
Calculate the highest common factor of 50677 and 118371.
187
Calculate the greatest common factor of 979538 and 93.
31
Calculate the greatest common factor of 787148 and 34614.
1282
Calculate the greatest common factor of 93437319 and 1107.
123
Calculate the greatest common factor of 308868960 and 19740.
2820
Calculate the greatest common factor of 430 and 258209410.
430
What is the greatest common divisor of 9724 and 738892?
44
Calculate the highest common divisor of 178879 and 2892141.
1583
What is the greatest common factor of 2 and 120559072?
2
Calculate the highest common factor of 7129822 and 87408.
1214
Calculate the greatest common factor of 9152 and 4588298.
286
What is the greatest common factor of 26 and 55795844?
26
What is the greatest common divisor of 8976 and 3212?
44
What is the highest common factor of 220348 and 107818?
62
What is the greatest common divisor of 29433334 and 30317?
497
Calculate the highest common divisor of 16778235 and 1140.
285
Calculate the highest common divisor of 13912832 and 768.
256
Calculate the greatest common divisor of 117423 and 6399.
27
Calculate the highest common factor of 454 and 29931766.
454
Calculate the highest common factor of 143 and 110232122.
143
What is the highest common divisor of 179906134 and 2?
2
What is the highest common divisor of 17488200 and 600?
600
Calculate the greatest common divisor of 5710100 and 4833.
179
Calculate the greatest common divisor of 282739584 and 32.
32
What is the greatest common factor of 10794 and 124698?
42
Calculate the highest common factor of 587994 and 349162.
1298
What is the highest common factor of 152513032 and 24?
8
What is the highest common divisor of 352967 and 80573?
409
What is the greatest common divisor of 1100 and 740432?
44
What is the greatest common divisor of 1310557 and 174979?
3571
Calculate the greatest common factor of 25318092 and 372.
12
What is the greatest common factor of 1344 and 16382016?
1344
Calculate the greatest common factor of 375 and 14662675.
25
What is the greatest common factor of 3059189 and 404?
101
What is the greatest common factor of 490047 and 125421?
1293
Calculate the highest common divisor of 28440 and 1960380.
180
Calculate the highest common divisor of 129096914 and 207714.
5326
Calculate the greatest common factor of 11063736 and 966.
138
Calculate the greatest common factor of 69506514 and 1316.
658
What is the highest common divisor of 7001648 and 3776?
944
Calculate the highest common factor of 2009274 and 198.
6
Calculate the greatest common divisor of 1140 and 8960172.
228
What is the greatest common divisor of 2831 and 9238?
149
What is the greatest common divisor of 110007 and 4454205?
2157
Calculate the greatest common divisor of 44 and 230381668.
44
What is the greatest common factor of 12 and 140960?
4
Calculate the greatest common factor of 135594 and 130014.
558
Calculate the highest common divisor of 739994 and 36.
2
Calculate the greatest common divisor of 3069 and 1462437.
9
What is the highest common factor of 6410775 and 469?
7
What is the greatest common factor of 5432510 and 27221?
167
What is the highest common factor of 23743481 and 20144?
1259
Calculate the highest common divisor of 16643 and 174974.
89
What is the greatest common factor of 40 and 83371792?
8
Calculate the highest common divisor of 35 and 111355.
5
Calculate the highest common divisor of 2256 and 31000072.
376
Calculate the highest common factor of 5220 and 7.
1
Calculate the highest common factor of 1898 and 292713356.
1898
What is the greatest common divisor of 149956130 and 10?
10
What is the greatest common factor of 84524 and 52689188?
7684
Calculate the greatest common divisor of 82806922 and 132.
22
Calculate the greatest common divisor of 1304 and 1046.
2
Calculate the greatest common factor of 1057074 and 30.
6
What is the highest common divisor of 21790925 and 39?
13
What is the highest common factor of 525 and 23029200?
75
Calculate the highest common factor of 2175 and 286380.
15
Calculate the highest common divisor of 1068919 and 28207.
421
What is the highest common factor of 59 and 4557337?
59
What is the greatest common factor of 2438 and 2575471?
23
What is the highest common factor of 1365213 and 55533?
321
What is the highest common divisor of 90435 and 255?
15
Calculate the greatest common divisor of 96400 and 2238408.
1928
Calculate the highest common divisor of 15948 and 9545764.
1772
Calculate the highest common divisor of 31058 and 8586.
106
Calculate the greatest common divisor of 246694614 and 2442.
222
What is the greatest common divisor of 6103639 and 8321?
53
Calculate the highest common factor of 5976 and 99.
9
Calculate the highest common divisor of 661134 and 776343.
753
What is the highest common divisor of 34520883 and 22893?
1761
What is the greatest common divisor of 1239 and 24544413?
177
Calculate the highest common divisor of 4554 and 128459232.
4554
Calculate the highest common factor of 1110 and 48519580.
370
What is the greatest common divisor of 803856 and 78?
6
What is the greatest common divisor of 20072550 and 820?
10
What is the greatest common factor of 287832890 and 4110?
1370
What is the highest common divisor of 9816 and 20136?
24
What is the greatest common factor of 608499 and 6417?
279
What is the highest common divisor of 7857 and 5930289?
873
What is the highest common divisor of 3258 and 492?
6
Calculate the greatest common factor of 153126 and 13254.
282
What is the highest common divisor of 10132455 and 174?
87
What is the greatest common factor of 187810830 and 90?
90
What is the highest common divisor of 1092 and 359526804?
1092
What is the highest common divisor of 2835 and 76669740?
2835
What is the greatest common divisor of 4452 and 1509144?
84
Calculate the greatest common divisor of 8251 and 2838159.
37
What is the highest common factor of 214 and 428795652?
214
Calculate the greatest common divisor of 1306950 and 120600.
150
What is the greatest common factor of 22980573 and 8008?
77
Wha